{"id":6824,"date":"2021-11-23T15:46:14","date_gmt":"2021-11-23T14:46:14","guid":{"rendered":"https:\/\/branchenversicherung.ch\/service\/courtiers-et-partenaires\/"},"modified":"2026-04-09T09:55:00","modified_gmt":"2026-04-09T07:55:00","slug":"courtiers-et-partenaires","status":"publish","type":"page","link":"https:\/\/branchenversicherung.ch\/fr\/service\/courtiers-et-partenaires\/","title":{"rendered":"Courtiers"},"content":{"rendered":"<section id=\"halfHeader-block_e899557530cf50214ef873cf45337d58\" class=\"halfHeader container__page\">\n  <div class=\"inside__hero__half imagineNow\">\n    <div class=\"half__description__row\">\n            <p class=\"parent__title__single\">  <a href=\"https:\/\/branchenversicherung.ch\/fr\/service\/\">Service<\/a><\/p>\n          <h1 class=\"hero__title__h\">Courtiers <\/h1>\n            <p class=\"description__row\"> L\u2019Assurance des m\u00e9tiers vend ses solutions d\u2019assurance par l\u2019interm\u00e9diaire de courtiers s\u00e9lectionn\u00e9s, entre autres.<\/p>\n         \n        \n                  \n      <!--<div  class=\"scroll__one__bottom with__new__arrow\"> <\/div>-->\n    <\/div>\n    <div class=\"half__image__row\">\n      <img decoding=\"async\" width=\"1680\" height=\"980\" src=\"https:\/\/branchenversicherung.ch\/wp-content\/uploads\/2021\/11\/BV_Ueber_uns_Header_Broker_Partner_1680x980px-Kopie.jpg\" class=\"attachment-full size-full\" alt=\"\" srcset=\"https:\/\/branchenversicherung.ch\/wp-content\/uploads\/2021\/11\/BV_Ueber_uns_Header_Broker_Partner_1680x980px-Kopie.jpg 1680w, https:\/\/branchenversicherung.ch\/wp-content\/uploads\/2021\/11\/BV_Ueber_uns_Header_Broker_Partner_1680x980px-Kopie-300x175.jpg 300w, https:\/\/branchenversicherung.ch\/wp-content\/uploads\/2021\/11\/BV_Ueber_uns_Header_Broker_Partner_1680x980px-Kopie-1024x597.jpg 1024w, https:\/\/branchenversicherung.ch\/wp-content\/uploads\/2021\/11\/BV_Ueber_uns_Header_Broker_Partner_1680x980px-Kopie-768x448.jpg 768w, https:\/\/branchenversicherung.ch\/wp-content\/uploads\/2021\/11\/BV_Ueber_uns_Header_Broker_Partner_1680x980px-Kopie-1536x896.jpg 1536w\" sizes=\"(max-width: 1680px) 100vw, 1680px\" \/>    <\/div>\n  <\/div>\n<\/section>\n\n\n<div class=\"gb-container gb-container-2dfcaad3\"><div class=\"gb-inside-container\">\n<div class=\"gb-grid-wrapper gb-grid-wrapper-b54a26f8\">\n<div class=\"gb-grid-column gb-grid-column-84579a6d\"><div class=\"gb-container gb-container-84579a6d\"><div class=\"gb-inside-container\">\n\n<p>Un courtier en assurances repr\u00e9sente toujours les int\u00e9r\u00eats de l\u2019entrepreneur dans ses affaires d\u2019assurance, c\u2019est pourquoi nous accordons ici aussi la plus grande importance \u00e0 une collaboration partenariale \u00e0 long terme. Il va de soi que le professionnalisme et la fiabilit\u00e9 sont essentiels pour nous.     <\/p>\n\n<\/div><\/div><\/div>\n<\/div>\n<\/div><\/div>\n\n<div class=\"gb-container gb-container-f3d9ed71\"><div class=\"gb-inside-container\">\n<div class=\"gb-grid-wrapper gb-grid-wrapper-0f79ef2f\">\n<div class=\"gb-grid-column gb-grid-column-8e9c5f76\"><div class=\"gb-container gb-container-8e9c5f76 eql__column\"><div class=\"gb-inside-container\">\n\n<figure class=\"wp-block-image size-full image__full\"><img decoding=\"async\" width=\"550\" height=\"400\" src=\"https:\/\/branchenversicherung.ch\/wp-content\/uploads\/2024\/01\/BV_Ueber_uns_Organisation_Monika_Stender_01_550x400px_24-1.jpg\" alt=\"\" class=\"wp-image-17574\" srcset=\"https:\/\/branchenversicherung.ch\/wp-content\/uploads\/2024\/01\/BV_Ueber_uns_Organisation_Monika_Stender_01_550x400px_24-1.jpg 550w, https:\/\/branchenversicherung.ch\/wp-content\/uploads\/2024\/01\/BV_Ueber_uns_Organisation_Monika_Stender_01_550x400px_24-1-300x218.jpg 300w\" sizes=\"(max-width: 550px) 100vw, 550px\" \/><\/figure>\n\n<\/div><\/div><\/div>\n\n<div class=\"gb-grid-column gb-grid-column-da79fae0\"><div class=\"gb-container gb-container-da79fae0 make__me__relative\"><div class=\"gb-inside-container\">\n\n<h2 class=\"gb-headline gb-headline-d94ded70 gb-headline-text\">Votre personne de contact personnelle<\/h2>\n\n\n\n<p class=\"image__full\">Monika Stender, Broker Consultant<\/p>\n\n\n\n<p class=\"half__button__icon should__be__bottom\"><a href=\"mailto:monika.stender@branchenversicherung.ch\" target=\"_blank\" rel=\"noreferrer noopener\">Contactez<\/a><a href=\"mailto:roland.schuster@branchenversicherung.ch\" target=\"_blank\" rel=\"noreferrer noopener\">-nous<\/a><\/p>\n\n<\/div><\/div><\/div>\n<\/div>\n<\/div><\/div>\n\n<div class=\"gb-container gb-container-4dfa3e7a change__conact__space__40\"><div class=\"gb-inside-container\">\n<div class=\"gb-grid-wrapper gb-grid-wrapper-96fb28f5\">\n<div class=\"gb-grid-column gb-grid-column-1b10280f\"><div class=\"gb-container gb-container-1b10280f\"><div class=\"gb-inside-container\">\n\n<h2 class=\"gb-headline gb-headline-eca7cc14 gb-headline-text\">Nos partenaires<\/h2>\n\n\n\n<p class=\"padding__left__right__20\">En tant qu&rsquo;assurance sectorielle suisse, la solution sur mesure est notre priorit\u00e9 absolue. Nous travaillons donc en \u00e9troite collaboration avec de nombreuses associations afin de proposer une assurance parfaitement adapt\u00e9e. Mais cela ne signifie pas que nous ne proposons des solutions que dans ces secteurs. Notre \u00e9quipe de conseillers ainsi que notre gamme de produits sont tr\u00e8s larges et l&rsquo;exp\u00e9rience montre que nous disposons de la solution adapt\u00e9e \u00e0 presque tous les secteurs.<\/p>\n\n\n<section id=\"partnerLogos-block_389029b821fdda6f126008d023332dce\" class=\"partnerLogos container__partner__logos\">\n  <div class=\"partners__row\">\n             <div class=\"logos__columns\">\n                                <a class=\"smooth-scroll\" href=\"https:\/\/branchenversicherung.ch\/fr\/a-propos-de-nous\/associations-partenaires\/#Partner08\">\n                     <\/a>\n                                <figure>\n                 <img decoding=\"async\" width=\"720\" height=\"280\" src=\"https:\/\/branchenversicherung.ch\/wp-content\/uploads\/2021\/09\/BV_Startseite_Partner_Logo_720x280px_ASMAS.svg\" class=\"attachment-large size-large\" alt=\"\" \/>               <\/figure>\n\n             <\/div>\n\n  \n             <div class=\"logos__columns\">\n                                <a class=\"smooth-scroll\" href=\"https:\/\/branchenversicherung.ch\/fr\/a-propos-de-nous\/associations-partenaires\/#Partner07\">\n                     <\/a>\n                                <figure>\n                 <img decoding=\"async\" width=\"720\" height=\"280\" src=\"https:\/\/branchenversicherung.ch\/wp-content\/uploads\/2021\/09\/BV_Startseite_Partner_Logo_720x280px_Multimedia.svg\" class=\"attachment-large size-large\" alt=\"\" \/>               <\/figure>\n\n             <\/div>\n\n  \n             <div class=\"logos__columns\">\n                                <a class=\"smooth-scroll\" href=\"https:\/\/branchenversicherung.ch\/fr\/a-propos-de-nous\/associations-partenaires\/#Partner03\">\n                     <\/a>\n                                <figure>\n                 <img decoding=\"async\" width=\"720\" height=\"280\" src=\"https:\/\/branchenversicherung.ch\/wp-content\/uploads\/2021\/09\/BV_Startseite_Partner_Logo_720x280px_Optikschweiz_DE.svg\" class=\"attachment-large size-large\" alt=\"\" \/>               <\/figure>\n\n             <\/div>\n\n  \n             <div class=\"logos__columns\">\n                                <a class=\"smooth-scroll\" href=\"https:\/\/branchenversicherung.ch\/fr\/a-propos-de-nous\/associations-partenaires\/#Partner01\">\n                     <\/a>\n                                <figure>\n                 <img decoding=\"async\" width=\"720\" height=\"280\" src=\"https:\/\/branchenversicherung.ch\/wp-content\/uploads\/2021\/09\/BV_Startseite_Partner_Logo_720x280px_SFF.svg\" class=\"attachment-large size-large\" alt=\"\" \/>               <\/figure>\n\n             <\/div>\n\n  \n             <div class=\"logos__columns\">\n                                <a class=\"smooth-scroll\" href=\"https:\/\/branchenversicherung.ch\/fr\/a-propos-de-nous\/associations-partenaires\/#Partner02\">\n                     <\/a>\n                                <figure>\n                 <img decoding=\"async\" width=\"720\" height=\"280\" src=\"https:\/\/branchenversicherung.ch\/wp-content\/uploads\/2021\/09\/BV_Startseite_Partner_Logo_720x280px_Drogerie.svg\" class=\"attachment-large size-large\" alt=\"\" \/>               <\/figure>\n\n             <\/div>\n\n  \n             <div class=\"logos__columns\">\n                                <a class=\"smooth-scroll\" href=\"https:\/\/branchenversicherung.ch\/fr\/a-propos-de-nous\/associations-partenaires\/#Partner06\">\n                     <\/a>\n                                <figure>\n                 <img decoding=\"async\" width=\"720\" height=\"280\" src=\"https:\/\/branchenversicherung.ch\/wp-content\/uploads\/2021\/09\/BV_Startseite_Partner_Logo_720x280px_Imaging_DE.svg\" class=\"attachment-large size-large\" alt=\"\" \/>               <\/figure>\n\n             <\/div>\n\n  \n             <div class=\"logos__columns\">\n                                <a class=\"smooth-scroll\" href=\"https:\/\/branchenversicherung.ch\/fr\/a-propos-de-nous\/associations-partenaires\/#Partner05\">\n                     <\/a>\n                                <figure>\n                 <img decoding=\"async\" width=\"720\" height=\"280\" src=\"https:\/\/branchenversicherung.ch\/wp-content\/uploads\/2021\/11\/BV_Startseite_Partner_Logo_720x280px_Schuhschweiz.svg\" class=\"attachment-large size-large\" alt=\"\" \/>               <\/figure>\n\n             <\/div>\n\n  \n             <div class=\"logos__columns\">\n                                <a class=\"smooth-scroll\" href=\"https:\/\/branchenversicherung.ch\/fr\/a-propos-de-nous\/associations-partenaires\/#Partner04\">\n                     <\/a>\n                                <figure>\n                 <img decoding=\"async\" width=\"720\" height=\"280\" src=\"https:\/\/branchenversicherung.ch\/wp-content\/uploads\/2021\/11\/BV_Startseite_Partner_Logo_720x280px_VSSU.svg\" class=\"attachment-large size-large\" alt=\"\" \/>               <\/figure>\n\n             <\/div>\n\n  \n             <div class=\"logos__columns\">\n                                <a class=\"smooth-scroll\" href=\"https:\/\/branchenversicherung.ch\/fr\/a-propos-de-nous\/associations-partenaires\/#Partner09\">\n                     <\/a>\n                                <figure>\n                 <img decoding=\"async\" width=\"720\" height=\"280\" src=\"https:\/\/branchenversicherung.ch\/wp-content\/uploads\/2021\/11\/BV_Startseite_Partner_Logo_720x280px_VSRLD_DE.svg\" class=\"attachment-large size-large\" alt=\"\" \/>               <\/figure>\n\n             <\/div>\n\n    <div class=\"empty__logo__column\">\n    <a   href=\"\/fr\/prenez-contact-sans-engagement\/\"> <\/a>\n    <p> Votre association manque ? Pas de probl\u00e8me. Nous avons \u00e9galement la solution qui vous convient.<\/p>\n    <button  href=\"\/fr\/prenez-contact-sans-engagement\/\" class=\"default__red__button button__bold\"> Vers la demande <\/button>\n  <\/div>\n  <div><\/section>\n\n<\/div><\/div><\/div>\n<\/div>\n<\/div><\/div>\n\n<div class=\"gb-container gb-container-06635c61\"><div class=\"gb-inside-container\">\n<div class=\"gb-grid-wrapper gb-grid-wrapper-0a37ed4e\">\n<div class=\"gb-grid-column gb-grid-column-89137cbb\"><div class=\"gb-container gb-container-89137cbb eql__column\"><div class=\"gb-inside-container\">\n\n<figure class=\"wp-block-image size-large image__full\"><img decoding=\"async\" width=\"1024\" height=\"688\" src=\"https:\/\/branchenversicherung.ch\/wp-content\/uploads\/2021\/12\/BV_Ueber_uns_Partnerverbaende_Teaser_Marcel_Maier_1120x752px-1024x688.jpg\" alt=\"\" class=\"wp-image-10224\" srcset=\"https:\/\/branchenversicherung.ch\/wp-content\/uploads\/2021\/12\/BV_Ueber_uns_Partnerverbaende_Teaser_Marcel_Maier_1120x752px-1024x688.jpg 1024w, https:\/\/branchenversicherung.ch\/wp-content\/uploads\/2021\/12\/BV_Ueber_uns_Partnerverbaende_Teaser_Marcel_Maier_1120x752px-300x201.jpg 300w, https:\/\/branchenversicherung.ch\/wp-content\/uploads\/2021\/12\/BV_Ueber_uns_Partnerverbaende_Teaser_Marcel_Maier_1120x752px-768x516.jpg 768w, https:\/\/branchenversicherung.ch\/wp-content\/uploads\/2021\/12\/BV_Ueber_uns_Partnerverbaende_Teaser_Marcel_Maier_1120x752px.jpg 1120w\" sizes=\"(max-width: 1024px) 100vw, 1024px\" \/><\/figure>\n\n<\/div><\/div><\/div>\n\n<div class=\"gb-grid-column gb-grid-column-c60c3561\"><div class=\"gb-container gb-container-c60c3561 make__me__relative\"><div class=\"gb-inside-container\">\n\n<h2 class=\"gb-headline gb-headline-d7859df7 gb-headline-text\">Votre personne de contact personnelle<\/h2>\n\n\n\n<p>Marcel Maier, Responsable des ventes<\/p>\n\n\n\n<p class=\"half__button__icon should__be__bottom\"><a href=\"mailto:marcel.maier@branchenversicherung.ch\" data-type=\"mailto\" data-id=\"mailto:marcel.maier@branchenversicherung.ch\">Nous contacter<\/a><\/p>\n\n<\/div><\/div><\/div>\n<\/div>\n<\/div><\/div>","protected":false},"excerpt":{"rendered":"","protected":false},"author":1,"featured_media":0,"parent":6814,"menu_order":66,"comment_status":"closed","ping_status":"closed","template":"","meta":{"_acf_changed":false,"iawp_total_views":29,"footnotes":""},"class_list":["post-6824","page","type-page","status-publish"],"acf":[],"_links":{"self":[{"href":"https:\/\/branchenversicherung.ch\/fr\/wp-json\/wp\/v2\/pages\/6824","targetHints":{"allow":["GET"]}}],"collection":[{"href":"https:\/\/branchenversicherung.ch\/fr\/wp-json\/wp\/v2\/pages"}],"about":[{"href":"https:\/\/branchenversicherung.ch\/fr\/wp-json\/wp\/v2\/types\/page"}],"author":[{"embeddable":true,"href":"https:\/\/branchenversicherung.ch\/fr\/wp-json\/wp\/v2\/users\/1"}],"replies":[{"embeddable":true,"href":"https:\/\/branchenversicherung.ch\/fr\/wp-json\/wp\/v2\/comments?post=6824"}],"version-history":[{"count":45,"href":"https:\/\/branchenversicherung.ch\/fr\/wp-json\/wp\/v2\/pages\/6824\/revisions"}],"predecessor-version":[{"id":23083,"href":"https:\/\/branchenversicherung.ch\/fr\/wp-json\/wp\/v2\/pages\/6824\/revisions\/23083"}],"up":[{"embeddable":true,"href":"https:\/\/branchenversicherung.ch\/fr\/wp-json\/wp\/v2\/pages\/6814"}],"wp:attachment":[{"href":"https:\/\/branchenversicherung.ch\/fr\/wp-json\/wp\/v2\/media?parent=6824"}],"curies":[{"name":"wp","href":"https:\/\/api.w.org\/{rel}","templated":true}]}}

<section id="halfHeader-block_e899557530cf50214ef873cf45337d58" class="halfHeader container__page">
  <div class="inside__hero__half imagineNow">
    <div class="half__description__row">
            <p class="parent__title__single">  <a href="https://branchenversicherung.ch/fr/service/">Service</a></p>
          <h1 class="hero__title__h">Courtiers </h1>
            <p class="description__row"> L’Assurance des métiers vend ses solutions d’assurance par l’intermédiaire de courtiers sélectionnés, entre autres.</p>
         
        
                  
      <!--<div  class="scroll__one__bottom with__new__arrow"> </div>-->
    </div>
    <div class="half__image__row">
      <img decoding="async" width="1680" height="980" src="https://branchenversicherung.ch/wp-content/uploads/2021/11/BV_Ueber_uns_Header_Broker_Partner_1680x980px-Kopie.jpg" class="attachment-full size-full" alt="" srcset="https://branchenversicherung.ch/wp-content/uploads/2021/11/BV_Ueber_uns_Header_Broker_Partner_1680x980px-Kopie.jpg 1680w, https://branchenversicherung.ch/wp-content/uploads/2021/11/BV_Ueber_uns_Header_Broker_Partner_1680x980px-Kopie-300x175.jpg 300w, https://branchenversicherung.ch/wp-content/uploads/2021/11/BV_Ueber_uns_Header_Broker_Partner_1680x980px-Kopie-1024x597.jpg 1024w, https://branchenversicherung.ch/wp-content/uploads/2021/11/BV_Ueber_uns_Header_Broker_Partner_1680x980px-Kopie-768x448.jpg 768w, https://branchenversicherung.ch/wp-content/uploads/2021/11/BV_Ueber_uns_Header_Broker_Partner_1680x980px-Kopie-1536x896.jpg 1536w" sizes="(max-width: 1680px) 100vw, 1680px" />    </div>
  </div>
</section>


<div class="gb-container gb-container-2dfcaad3"><div class="gb-inside-container">
<div class="gb-grid-wrapper gb-grid-wrapper-b54a26f8">
<div class="gb-grid-column gb-grid-column-84579a6d"><div class="gb-container gb-container-84579a6d"><div class="gb-inside-container">

<p>Un courtier en assurances représente toujours les intérêts de l’entrepreneur dans ses affaires d’assurance, c’est pourquoi nous accordons ici aussi la plus grande importance à une collaboration partenariale à long terme. Il va de soi que le professionnalisme et la fiabilité sont essentiels pour nous.     </p>

</div></div></div>
</div>
</div></div>

<div class="gb-container gb-container-f3d9ed71"><div class="gb-inside-container">
<div class="gb-grid-wrapper gb-grid-wrapper-0f79ef2f">
<div class="gb-grid-column gb-grid-column-8e9c5f76"><div class="gb-container gb-container-8e9c5f76 eql__column"><div class="gb-inside-container">

<figure class="wp-block-image size-full image__full"><img decoding="async" width="550" height="400" src="https://branchenversicherung.ch/wp-content/uploads/2024/01/BV_Ueber_uns_Organisation_Monika_Stender_01_550x400px_24-1.jpg" alt="" class="wp-image-17574" srcset="https://branchenversicherung.ch/wp-content/uploads/2024/01/BV_Ueber_uns_Organisation_Monika_Stender_01_550x400px_24-1.jpg 550w, https://branchenversicherung.ch/wp-content/uploads/2024/01/BV_Ueber_uns_Organisation_Monika_Stender_01_550x400px_24-1-300x218.jpg 300w" sizes="(max-width: 550px) 100vw, 550px" /></figure>

</div></div></div>

<div class="gb-grid-column gb-grid-column-da79fae0"><div class="gb-container gb-container-da79fae0 make__me__relative"><div class="gb-inside-container">

<h2 class="gb-headline gb-headline-d94ded70 gb-headline-text">Votre personne de contact personnelle</h2>



<p class="image__full">Monika Stender, Broker Consultant</p>



<p class="half__button__icon should__be__bottom"><a href="mailto:monika.stender@branchenversicherung.ch" target="_blank" rel="noreferrer noopener">Contactez</a><a href="mailto:roland.schuster@branchenversicherung.ch" target="_blank" rel="noreferrer noopener">-nous</a></p>

</div></div></div>
</div>
</div></div>

<div class="gb-container gb-container-4dfa3e7a change__conact__space__40"><div class="gb-inside-container">
<div class="gb-grid-wrapper gb-grid-wrapper-96fb28f5">
<div class="gb-grid-column gb-grid-column-1b10280f"><div class="gb-container gb-container-1b10280f"><div class="gb-inside-container">

<h2 class="gb-headline gb-headline-eca7cc14 gb-headline-text">Nos partenaires</h2>



<p class="padding__left__right__20">En tant qu&rsquo;assurance sectorielle suisse, la solution sur mesure est notre priorité absolue. Nous travaillons donc en étroite collaboration avec de nombreuses associations afin de proposer une assurance parfaitement adaptée. Mais cela ne signifie pas que nous ne proposons des solutions que dans ces secteurs. Notre équipe de conseillers ainsi que notre gamme de produits sont très larges et l&rsquo;expérience montre que nous disposons de la solution adaptée à presque tous les secteurs.</p>


<section id="partnerLogos-block_389029b821fdda6f126008d023332dce" class="partnerLogos container__partner__logos">
  <div class="partners__row">
             <div class="logos__columns">
                                <a class="smooth-scroll" href="https://branchenversicherung.ch/fr/a-propos-de-nous/associations-partenaires/#Partner08">
                     </a>
                                <figure>
                 <img decoding="async" width="720" height="280" src="https://branchenversicherung.ch/wp-content/uploads/2021/09/BV_Startseite_Partner_Logo_720x280px_ASMAS.svg" class="attachment-large size-large" alt="" />               </figure>

             </div>

  
             <div class="logos__columns">
                                <a class="smooth-scroll" href="https://branchenversicherung.ch/fr/a-propos-de-nous/associations-partenaires/#Partner07">
                     </a>
                                <figure>
                 <img decoding="async" width="720" height="280" src="https://branchenversicherung.ch/wp-content/uploads/2021/09/BV_Startseite_Partner_Logo_720x280px_Multimedia.svg" class="attachment-large size-large" alt="" />               </figure>

             </div>

  
             <div class="logos__columns">
                                <a class="smooth-scroll" href="https://branchenversicherung.ch/fr/a-propos-de-nous/associations-partenaires/#Partner03">
                     </a>
                                <figure>
                 <img decoding="async" width="720" height="280" src="https://branchenversicherung.ch/wp-content/uploads/2021/09/BV_Startseite_Partner_Logo_720x280px_Optikschweiz_DE.svg" class="attachment-large size-large" alt="" />               </figure>

             </div>

  
             <div class="logos__columns">
                                <a class="smooth-scroll" href="https://branchenversicherung.ch/fr/a-propos-de-nous/associations-partenaires/#Partner01">
                     </a>
                                <figure>
                 <img decoding="async" width="720" height="280" src="https://branchenversicherung.ch/wp-content/uploads/2021/09/BV_Startseite_Partner_Logo_720x280px_SFF.svg" class="attachment-large size-large" alt="" />               </figure>

             </div>

  
             <div class="logos__columns">
                                <a class="smooth-scroll" href="https://branchenversicherung.ch/fr/a-propos-de-nous/associations-partenaires/#Partner02">
                     </a>
                                <figure>
                 <img decoding="async" width="720" height="280" src="https://branchenversicherung.ch/wp-content/uploads/2021/09/BV_Startseite_Partner_Logo_720x280px_Drogerie.svg" class="attachment-large size-large" alt="" />               </figure>

             </div>

  
             <div class="logos__columns">
                                <a class="smooth-scroll" href="https://branchenversicherung.ch/fr/a-propos-de-nous/associations-partenaires/#Partner06">
                     </a>
                                <figure>
                 <img decoding="async" width="720" height="280" src="https://branchenversicherung.ch/wp-content/uploads/2021/09/BV_Startseite_Partner_Logo_720x280px_Imaging_DE.svg" class="attachment-large size-large" alt="" />               </figure>

             </div>

  
             <div class="logos__columns">
                                <a class="smooth-scroll" href="https://branchenversicherung.ch/fr/a-propos-de-nous/associations-partenaires/#Partner05">
                     </a>
                                <figure>
                 <img decoding="async" width="720" height="280" src="https://branchenversicherung.ch/wp-content/uploads/2021/11/BV_Startseite_Partner_Logo_720x280px_Schuhschweiz.svg" class="attachment-large size-large" alt="" />               </figure>

             </div>

  
             <div class="logos__columns">
                                <a class="smooth-scroll" href="https://branchenversicherung.ch/fr/a-propos-de-nous/associations-partenaires/#Partner04">
                     </a>
                                <figure>
                 <img decoding="async" width="720" height="280" src="https://branchenversicherung.ch/wp-content/uploads/2021/11/BV_Startseite_Partner_Logo_720x280px_VSSU.svg" class="attachment-large size-large" alt="" />               </figure>

             </div>

  
             <div class="logos__columns">
                                <a class="smooth-scroll" href="https://branchenversicherung.ch/fr/a-propos-de-nous/associations-partenaires/#Partner09">
                     </a>
                                <figure>
                 <img decoding="async" width="720" height="280" src="https://branchenversicherung.ch/wp-content/uploads/2021/11/BV_Startseite_Partner_Logo_720x280px_VSRLD_DE.svg" class="attachment-large size-large" alt="" />               </figure>

             </div>

    <div class="empty__logo__column">
    <a   href="/fr/prenez-contact-sans-engagement/"> </a>
    <p> Votre association manque ? Pas de problème. Nous avons également la solution qui vous convient.</p>
    <button  href="/fr/prenez-contact-sans-engagement/" class="default__red__button button__bold"> Vers la demande </button>
  </div>
  <div></section>

</div></div></div>
</div>
</div></div>

<div class="gb-container gb-container-06635c61"><div class="gb-inside-container">
<div class="gb-grid-wrapper gb-grid-wrapper-0a37ed4e">
<div class="gb-grid-column gb-grid-column-89137cbb"><div class="gb-container gb-container-89137cbb eql__column"><div class="gb-inside-container">

<figure class="wp-block-image size-large image__full"><img decoding="async" width="1024" height="688" src="https://branchenversicherung.ch/wp-content/uploads/2021/12/BV_Ueber_uns_Partnerverbaende_Teaser_Marcel_Maier_1120x752px-1024x688.jpg" alt="" class="wp-image-10224" srcset="https://branchenversicherung.ch/wp-content/uploads/2021/12/BV_Ueber_uns_Partnerverbaende_Teaser_Marcel_Maier_1120x752px-1024x688.jpg 1024w, https://branchenversicherung.ch/wp-content/uploads/2021/12/BV_Ueber_uns_Partnerverbaende_Teaser_Marcel_Maier_1120x752px-300x201.jpg 300w, https://branchenversicherung.ch/wp-content/uploads/2021/12/BV_Ueber_uns_Partnerverbaende_Teaser_Marcel_Maier_1120x752px-768x516.jpg 768w, https://branchenversicherung.ch/wp-content/uploads/2021/12/BV_Ueber_uns_Partnerverbaende_Teaser_Marcel_Maier_1120x752px.jpg 1120w" sizes="(max-width: 1024px) 100vw, 1024px" /></figure>

</div></div></div>

<div class="gb-grid-column gb-grid-column-c60c3561"><div class="gb-container gb-container-c60c3561 make__me__relative"><div class="gb-inside-container">

<h2 class="gb-headline gb-headline-d7859df7 gb-headline-text">Votre personne de contact personnelle</h2>



<p>Marcel Maier, Responsable des ventes</p>



<p class="half__button__icon should__be__bottom"><a href="mailto:marcel.maier@branchenversicherung.ch" data-type="mailto" data-id="mailto:marcel.maier@branchenversicherung.ch">Nous contacter</a></p>

</div></div></div>
</div>
</div></div>
